
-27
Let k(d) = 7*d + 8. Suppose -2*q + 0 + 1 = y, 0 = -5*y - 4*q - 1. Let w(u) = -u. Let r(v) = y*k(v) - 6*w(v). What is r(-6)?
-2
Suppose 10*l - 9*l - 9 = 0. Let a(o) = 4*o + o - 7 + l + 5 - o**2. What is a(6)?
1
Suppose 0 = 10*o - 0*o + 20. Let d(s) = 6*s**2 + 2*s + 2. Give d(o).
22
Let l(t) = t**2 + 16*t + 37. Let v be l(-13). Let s(d) = -8*d**2 + d - 1. Calculate s(v).
-35
Let y(a) = -a**3 + 9*a**2 - 6*a - 17. Let b be 7*16/(-168)*-12. What is y(b)?
-1
Let k(v) = -23 + 27 + 4*v - 3*v. Determine k(-6).
-2
Suppose s + 3*w - w = 3, s - 2 = -w. Suppose 3*x + 8 = -s. Let r(f) = -2 + 2 + 0 - f + 3. Give r(x).
6
Let a(i) = 4*i**2 - 3*i + 5. Let v(n) be the second derivative of 0 + 0*n**3 - 8*n + 1/12*n**4 + 1/2*n**2. Let s(w) = a(w) - 5*v(w). Calculate s(-3).
0
Let v(f) be the first derivative of 7*f**3/3 - f**2/2 - 2*f - 152. What is v(-1)?
6
Let x = -3 - -4. Let w = 3 - x. Suppose -p = 5*b + 16, 3*p - 3*b - 32 = w*b. Let j(d) = -2*d + 2. What is j(p)?
-6
Let a(z) be the first derivative of z**5/15 + z**4/12 + z**3/6 + 3*z**2 + 5. Let w(s) be the second derivative of a(s). What is w(-2)?
13
Let c(t) = 25*t**3 - 32 + 62 - 26. Let q(h) = -8*h**3 - 1. Let v(o) = -2*c(o) - 7*q(o). Determine v(-1).
-7
Let v(q) = q**2 - 5 - q - 4*q - 10*q + 17*q + q. Suppose 4*t + 5*k + 26 = 2*k, 4*k = -8. What is v(t)?
5
Let q(l) = -12*l**2 + l. Let t(p) = -34*p**2 + 4*p. Let z(i) = -14*q(i) + 5*t(i). Give z(4).
-8
Let j = 368 - 364. Let m(i) = -i**2 - 4*i + 6. Give m(j).
-26
Let n(a) = a**3 - 5*a**2 - 2*a + 3. Let r be (-2 - -3)/((24/(-9))/(-8)). Give n(r).
-21
Let m(b) = 13*b**2 + 10*b - 13. Let z(n) be the first derivative of 4*n**3/3 + 3*n**2/2 - 4*n - 2. Let t(p) = -2*m(p) + 7*z(p). Let y = -15 - -17. What is t(y)?
8
Let h(o) = -18 + 18 - 4*o**2 + 3*o**2 + 4*o. Let m be 0 + 3 - (14 - 14). What is h(m)?
3
Suppose 49*d - 189 - 301 = 0. Let r(i) = -i**3 + 8*i**2 + 19*i + 3. Determine r(d).
-7
Let p(b) = -b**3 + 3*b + 3. Let x be 2*(135/(-6))/(-5). Suppose 5*f - 8*f = -x. Give p(f).
-15
Let t(h) be the third derivative of h**4/24 - h**3/3 + h**2 - 85. Give t(-4).
-6
Suppose -3*y - 56 = 4*z - 15, -2*y - 4 = -2*z. Let w(q) = -3*q - 7. Calculate w(y).
14
Let v(t) = -7*t - 10. Let w(a) = -a**3 + 11*a**2 - 17*a - 11. Let z be w(9). Give v(z).
4
Let o(n) = -4 - 257*n + 5 + 3 + 265*n. Determine o(0).
4
Let d(h) = 3 + 11 + h**3 - 1 + 2 - 15*h + 3*h + 11*h**2. Determine d(-12).
15
Let f(w) = -3*w - 88. Let c be f(-30). Let b(l) = 3*l**2 - 1 - 5*l - c*l**2 + 2 + 4*l**3 + 7*l. Determine b(-1).
-4
Let c(g) = g**2 + 11*g + 21. Let w be 13/182*35*32/(-10). Calculate c(w).
-3
Let w be (48/18)/((-12)/18). Let m(j) = -j**3 + 5*j**2 + j - 4. Let u be m(5). Let b(q) = -3*q - u + 2 - 4. Give b(w).
9
Let g(c) = 1450 + c - 1447 - 2*c. What is g(-8)?
11
Let b = -9 + 32. Let o = 23 - b. Let w(i) = -i**3 + i**2 - 16. Calculate w(o).
-16
Let j be -1*(-20 - 2)*1. Let t = j - 26. Let w(s) = -3 + 6 - 1 + s + s. Give w(t).
-6
Let n(f) = -13*f**2 - 15*f + 1. Let v(u) = 18*u**2 + 23*u - 1. Let r(m) = -7*n(m) - 5*v(m). Calculate r(5).
-27
Let v(g) be the first derivative of g**2/2 - g + 34. Let t = -2 - -8. Determine v(t).
5
Let t be (-3)/(6/(-4))*(-14)/(-4). Let v be (2 - -2 - 3) + 1. Let o(s) = -v*s + 8 + s**3 - s - 5*s - 6*s**2 - s. Determine o(t).
-6
Suppose 0 = t - 3 + 1. Suppose -t + 8 = 6*w. Let h(y) = -y**3 + y**2 - y + 1. Give h(w).
0
Let t = -5 - -5. Suppose 2*y - y = t. Suppose y = -2*i + 3 + 1. Let u(s) = -s**2 - 2*s + 3. What is u(i)?
-5
Let n = -100 - -93. Let z be ((98/(-35))/n)/((-1)/(-5)). Let g(b) = 2*b - 1. Let p(y) = 6*y - 3. Let q(j) = -7*g(j) + 2*p(j). What is q(z)?
-3
Suppose -g - 36 + 58 = 0. Let p = g + -20. Let h(w) = -3 + 2*w - w + p*w. What is h(2)?
3
Let d(j) = -j**3 - 4*j**2 + 21*j + 6. Let h be d(-7). Let n(i) = -i**2 + 4*i + 1. Calculate n(h).
-11
Let m(p) = 4*p - 19. Let u(q) = q**3 + 12*q**2 + 5*q - 56. Let j be u(-11). Determine m(j).
21
Let f(g) = g + 4*g - 7*g - 13*g**2 + 3. Let z(h) = -14*h**2 - 3*h + 4. Let j(y) = 4*f(y) - 3*z(y). Calculate j(1).
-9
Let g(b) = -2*b**2 + 2*b + 6. Let s(x) = -x**2 - 8*x + 12. Let j be s(-9). Calculate g(j).
-6
Let s(x) = -3*x**2 + 3*x + 2. Let u(g) = -4*g**2 + 4*g + 1. Let t(z) = 5*s(z) - 4*u(z). Let w(h) be the first derivative of t(h). Calculate w(3).
5
Let o(h) = -h**3 - 3*h**2 + h + 4. Let j = -536 - -532. Determine o(j).
16
Let u = -234 + 225. Let h(f) = -f**3 - 8*f**2 + 8*f + 2. Determine h(u).
11
Let k(d) = d + 6. Suppose -5*f - 21*f = -130. Determine k(f).
11
Let o(d) = 4*d**3 - 37*d**2 + 32*d - 9. Let p(r) = -r**3 + 9*r**2 - 8*r + 2. Let t(b) = -2*o(b) - 9*p(b). What is t(6)?
12
Let j(h) be the third derivative of h**5/60 + 11*h**4/12 + 8*h**3 - 8*h**2 - 18*h. Determine j(-20).
8
Let j(w) = -18*w + 1. Suppose 11*c = 6*c - u, 18 = 3*c - 3*u. Give j(c).
-17
Let c(k) be the second derivative of k**3/2 + 3*k**2 + k. Let q(v) = 6*v - 14. Let f be q(4). Suppose 7*a = 2*a - 2*z - 24, z - f = 3*a. What is c(a)?
-6
Let m(h) be the first derivative of 1/2*h**2 - h - 1. What is m(-3)?
-4
Let l = 6 + -8. Let z be (2 + 2)/(l - -6). Let w(d) = 15*d**3 + 4*d**2 - d + 4. Let r(c) = 5*c**3 + c**2 + 1. Let y(o) = -7*r(o) + 2*w(o). Calculate y(z).
-5
Let y(x) = -x**3 - x**2 + 5*x + 1. Let r(t) = 5*t**3 + 19*t**2 - 22*t - 36. Let p(a) = r(a) + 4*y(a). Give p(-15).
-2
Let i = 645 - 647. Let k(o) = 5*o**3 + 3*o**2 - 1. Give k(i).
-29
Let x(v) = -v**2 - 2*v + 4. Let b(n) = -n**2 + 15*n + 2. Let p be b(11). Let l be p/(-11) - (-10)/55. Give x(l).
-4
Suppose 7*a - 28 = -0*a. Suppose 2*s + 3*s + 5*x - 10 = 0, 3*s = a*x - 1. Let k(j) = 8*j**2 - j + 1. Give k(s).
8
Let p(v) be the third derivative of v**4/24 - v**3/6 + 6*v**2. Let g = 76 + -72. Determine p(g).
3
Let w(y) = 5*y**2 - 6*y + 6. Let l(j) = -9*j**2 + 12*j - 11. Let k(v) = 3*l(v) + 5*w(v). Let q be (0 - 2) + 24/4. Calculate k(q).
-11
Let k = -4 + -5. Let a(z) = -3*z**3 - 2*z**2 - z. Let p(f) = -7*f**3 - 4*f**2 - 2*f + 1. Let d(g) = k*a(g) + 4*p(g). What is d(3)?
-2
Let x(f) be the first derivative of f**2 - 3*f + 1. Suppose 0 = -18*n - 3 + 75. Suppose n*p + 0*p = -4*a + 4, -10 = -4*a + 2*p. What is x(a)?
1
Let n(v) = v - 1. Let g = -1427 + 1433. Calculate n(g).
5
Let d(o) = -11*o - 12. Let l be d(-1). Let v(g) = 26*g**2 - g - 1. Calculate v(l).
26
Let m(f) = f**3 - 3*f**2 + 2*f - 2. Let u(q) = -2*q**2 + 2*q + 5. Let c be u(4). Suppose 132 - 48 = 4*d. Let p = d + c. Give m(p).
-2
Let s be 9/(-3) - (15 - -2). Let k = -18 - s. Suppose 2*p - 3*u = -k*u + 1, -7 = -4*p + u. Let t(m) = -m**2 + 4*m + 1. Calculate t(p).
4
Let v(x) = -x**2 + 7*x - 5. Let f(u) = -u**2 + u + 28. Let c be f(0). Let l = -22 + c. Give v(l).
1
Suppose 0 = -2*h + 4, 2*h = -b + 7*h - 7. Let m(p) be the second derivative of 0 - 1/3*p**4 - 1/3*p**b - 9*p - 1/20*p**5 - 1/2*p**2. Give m(-3).
-4
Let j(p) be the second derivative of -5*p**3/6 - 219*p. Give j(-5).
25
Let q(a) = 749 + 8*a - a**2 + 738 - 1495. Let h = 19 - 13. Determine q(h).
4
Let r(o) be the first derivative of 7/3*o**3 + 1/4*o**4 + 3*o - 9/2*o**2 - 18. Calculate r(-8).
11
Let b(j) = -j + 1. Let g = 1 + 15. Suppose 0*i + g = 4*i. Suppose -2 = c + i. Determine b(c).
7
Let l(c) = 4*c + 1. Let s(j) = 29*j + 1. Let p(i) = 4*l(i) - s(i). What is p(2)?
-23
Suppose -4*t - 28 = -5*v - 0*v, -4*t - 20 = -4*v. Let z(g) = -8*g + 11. Let i(u) = u - 1. Let h(s) = 21*i(s) + 3*z(s). Determine h(v).
-12
Let y(l) = l**3 - 12 - 4*l**2 + 2 - 288*l + 293*l - l**2. Calculate y(4).
-6
Let w be ((-4)/(-7))/(((-8)/(-28))/1). Suppose -w*i - 3 = i. Let h(f) = 3 - 4 + 4*f**2 + 8*f**2. Give h(i).
11
Let p(c) = -5*c + 2. Let j = -250 + 248. What is p(j)?
12
Let f be 4/((-8)/3)*(-34)/17. Suppose -4*i = f*i + 14. Let m(v) be the third derivative of -v**5/30 - v**4/12 - v**3/3 + v**2. What is m(i)?
-6
Let i(l) = -l**2 - 7*l + 24. Let d = 48 - 58. Let a be i(d). Let j(s) = -4*s - 1 - 2*s - s**3 + 0 - 5*s**2 - 2*s**2. Determine j(a).
-1
Let h(x) be the first derivative of -x**4/4 + 4*x**3/3 + 3*x**2 + 348. Determine h(5).
5
Let o(z) be the first derivative of -z**3/3 + 11*z**2/2 + 9*z + 86. Calculate o(12).
-3
Let d(b) be the third derivative of -b**6/120 + b**5/12 - b**4/8 - b**3/6 - 66*b**2. Suppose 0*u + u + 1 = 4*w, -3*w - 12 = -5*u. Determine d(u).
8
Let v(h) = 5*h - 3. Let a(y) = 17*y